+ 3*w. Suppose -11 = -3*q + 13. What is the units digit of z(q)?
8
Let y(s) = -4*s**2 - s + 2. Let o(w) be the first derivative of w**3 + w**2/2 - 2*w - 1. Let r(i) = -5*o(i) - 4*y(i). What is the tens digit of r(-5)?
3
Suppose -187 - 88 = 11*y. What is the tens digit of (-5)/(y/605) + -3?
1
Let r = -34 - -14. Let f be (-2)/8 + (-105)/r. Suppose -3*z - z = -4*g - 36, -3*z + 33 = -f*g. What is the units digit of z?
6
Let d be 76/28 + (-4)/(-14). Suppose 2*t - 1 = -d. What is the units digit of (1/t)/(3/(-117))?
9
Let c(f) = -3*f + 22*f + 7 - 2*f. Let r be c(3). Suppose -2*y - v + 51 = 0, -2*v - r = -4*y + 64. What is the tens digit of y?
2
Let t be 0/(1 - (-2)/2). Suppose 3*f + 6 - 81 = t. What is the tens digit of f - (2 - (0 - 1))?
2
Suppose y + 3 + 1 = 0, 37 = -5*c - 3*y. Let i be 0 + 0/1 - c. Suppose 5*h - i = 115. What is the tens digit of h?
2
Let q(y) = -y**2 + 7*y - 6. Let l be q(6). Suppose 5*g - 55 = -2*t, l*t = 3*t + 3*g - 69. Let i = t - 15. What is the units digit of i?
5
Suppose 0 = -2*c + 11 - 3. What is the units digit of -4*1*c/(-8)?
2
Let f(j) = 196*j + 182. What is the units digit of f(12)?
4
Let y be (-1 - 1) + -1 + 2. Let a = -2 + y. Let b(u) = -7*u - 4. What is the tens digit of b(a)?
1
Suppose -s + 621 = -2*c, 0 = 4*s - 3*c - 1406 - 1063. What is the tens digit of s?
1
Suppose 0 = -7*i + 375 - 25. Let f = 406 + -282. Suppose -f = -2*t - 5*c + c, 4*c = t - i. What is the units digit of t?
8
Let i = 19 - 22. Let x(y) = -y**3 - 2*y**2 + y. Let m be x(i). Suppose 0 = -m*r + 25 + 113. What is the units digit of r?
3
Suppose j = -i + 16, 19 = -2*i + 3*j + 51. Suppose -2*r = -4*s - i, -5*r = -3*s - 30 + 11. What is the tens digit of 3 + 29 - (r + -3)?
3
Suppose 4263 = 66*d - 59*d. What is the tens digit of d?
0
Suppose 64*v - 69*v = -4*w + 2227, 12 = -4*v. What is the units digit of w?
3
Suppose -i - 4*i - 35 = 0. Let g = i - -12. Suppose -g*j = r - 103, -28 = 3*j + 3*r - 85. What is the tens digit of j?
2
Let q = 2422 - 1537. What is the tens digit of q?
8
Let u = 1344 - 1891. Let r be (-19)/114 + u/(-6). Suppose -5*n + r = 2*f, 5*n = -0*f - 5*f + 205. What is the tens digit of f?
3
Suppose -2*h - w + 2*w = -241, 3*h - 339 = -3*w. Let b = h - -37. What is the tens digit of b?
5
Suppose 2*i - 1 - 5 = 0. Suppose i*o - 2*y - 73 = 0, 4 = -2*y + 6*y. What is the units digit of o?
5
What is the thousands digit of 179/(-3*(1 - 6)/120)?
1
Suppose 606 = -6*o + 8766. What is the units digit of o?
0
Let h(z) = 2*z + 10. Let k be h(5). Let w be (-22)/(-10) - 4/k. Suppose -3*u = -4*a - 98, 2*u - 66 = 5*a - w*a. What is the units digit of u?
0
Suppose -19 + 1 = -2*u. Let x(z) = 5 - 1 + u + 6 - z. What is the tens digit of x(-10)?
2
Suppose j = -3, 5*r + 2*j = -2*j - 2. Suppose v = r*w - 32, -w - w + 5*v + 32 = 0. What is the units digit of (-138)/(-5) - w/(-40)?
8
Let g(s) = s**3 - 3*s**2 - 3*s - 1. Let b be g(4). Let l = 131 - 127. What is the tens digit of 15/(1*(l - b))?
1
Let x be 1/(1/(-1)) + 44. Suppose -5*l + 9 + x = 3*s, -l = -2*s + 39. What is the tens digit of s?
1
Suppose -22790 - 1055 = -19*y. What is the thousands digit of y?
1
Let d = 33 + -30. Suppose 5 = 2*k - d, -4*q + 968 = -k. What is the units digit of q?
3
Suppose -4*q = -z + 27, 3*z + 9 = -4*q - 2*z. Let l be (-15)/q - (-2)/4. What is the tens digit of (-4 - -2) + l - -24?
2
Let q be (2/3)/((-36)/(-1458)). Let y = -18 + q. What is the units digit of y?
9
Let s = 2138 - -688. What is the units digit of s/45 - (-1)/5?
3
Suppose 12*x - 7*x - 13345 = 5*s, 0 = -3*x + 2*s + 8007. What is the hundreds digit of x?
6
Let h = 59 - -77. What is the tens digit of h?
3
Let x(r) = -r**2 + 9*r + 13. Let m be x(10). Let g be (-2)/m*(-9)/6. Let a = g + 9. What is the tens digit of a?
1
Suppose -2*s - 5*q + 268 = 66, 2*q = -8. Let j = -4 + s. What is the units digit of j?
7
Let y = -365 - -163. What is the units digit of 1/3 - y/6?
4
Suppose 3*y + 32 = 4*y + 5*u, 0 = 3*u + 15. Suppose 2*a + q + 3*q = 124, 3*q - y = -a. What is the units digit of a?
2
Let s(u) = -u**2 + 21*u - 5. Let l be s(19). Let a = l - -199. What is the hundreds digit of a?
2
Let a(n) = n**2 - n - 4. Suppose 5*f - 9 = -2*y + 2, -7 = -y - 4*f. Let d be a(y). Suppose d = -2*h + 4. What is the units digit of h?
1
Let g be (-4)/(-6) + (-111)/(-9) + 2. Suppose 0 = -g*o + 13*o + 52. What is the units digit of o?
6
Suppose 114*t - 119*t + 17805 = 0. What is the hundreds digit of t?
5
What is the units digit of 834/((-21)/70*-5)?
6
Suppose -4*s - 5*i = -2*s - 2844, 2*s - 2844 = 4*i. What is the thousands digit of s?
1
Suppose -4*d - 3*f = 375, 720 - 285 = -5*d + 3*f. Let t be ((-4)/10)/(6/d). Suppose -t*m - 135 = -423. What is the units digit of m?
8
What is the hundreds digit of -193*((3 - -6) + -26)?
2
Let q(y) be the third derivative of -1/24*y**4 + 0 + 0*y - 1/3*y**3 - 5*y**2. What is the units digit of q(-4)?
2
Suppose 0 = 2*w + 350 - 982. Suppose 6*n - 2*n = w. What is the units digit of n?
9
Let c(l) = -l**2 - 5*l. Let k be c(-4). Suppose 191 = 5*u - k*r, 0*r = u + 2*r - 41. Suppose 2*p = 9 + u. What is the units digit of p?
4
Suppose 3*x + o = 35, -2*o + o + 5 = 0. Suppose -84 = -x*m + 3*m. Let j(k) = 2*k**2 - 15*k - 26. What is the units digit of j(m)?
2
Suppose -4*v = 2*d - 424, 0 = -2*v - 2*v + 3*d + 444. Let m = v + 133. What is the units digit of m?
1
Let a(o) = o**3 + 10*o**2 - 10*o - 4. Let n be a(-11). Let s = n - -30. Suppose -m + 17 = -s. What is the tens digit of m?
3
Let p(l) = -l**2 + 13*l + 4. Let a = 13 - -1. Let r be p(a). What is the units digit of 24/9*(-15)/r?
4
Let r(m) = 2*m - 15. Let z be r(9). Suppose 6*g = z*g. Suppose 12 = 4*l - 5*q, g = -6*l + 2*l - q + 36. What is the units digit of l?
8
Let x = -2 - 3. What is the tens digit of 1/x - 322/(-10)?
3
Suppose -4*f - 27 = -7. What is the units digit of f*6/(-10) - -73?
6
What is the units digit of 752 + (15 - 24/4)?
1
Suppose 0 = u - 3*z - 8, 5*z - 51 = -4*u + 15. Suppose 8*j + 252 = u*j. What is the units digit of j?
2
Suppose 3*y + 8 = 20. Suppose -423 = 4*b + y*o - 1359, 0 = -3*o - 15. Suppose j + 4*j = -2*q + 97, -4*q + 5*j + b = 0. What is the tens digit of q?
5
What is the units digit of ((-115)/(-10))/(((-15)/54)/(-5))?
7
Suppose 0 = -14*j + 41664 + 15470. What is the hundreds digit of j?
0
Let g(y) = y**3 - 6*y**2 + 20*y + 69. What is the thousands digit of g(13)?
1
Let d(k) = -k**3 + 10*k**2 + 9*k - 12. Let c be d(-6). Suppose -3*l = 3*l - c. What is the tens digit of l?
8
Suppose 4 = -2*b - k, -4*k - 15 = -2*b - 39. What is the tens digit of (-1176)/(-16) - 6/b?
7
Suppose 8*j + 0*j - 5240 = 0. What is the units digit of j?
5
Let l(x) = 35*x - 352. What is the tens digit of l(23)?
5
Let a be 282 - 9/(-4 - -1). Let r = -132 + a. What is the tens digit of r?
5
Let o be -2 + 9 + (3 - 5). Suppose o*d + 29 = z, 10 = z + z + 2*d. Let a(m) = -m + 11. What is the units digit of a(z)?
2
Suppose -f + 45 = 4*f + 5*s, -4*s + 6 = f. Let a(u) = -3 + 2*u - 9 - 2. What is the units digit of a(f)?
6
Let l = -228 + 222. Let w be (12/9)/(1/(-3)). Let p = w - l. What is the units digit of p?
2
Let z = 19 - 17. Suppose z*j + 5*t = 22, 3 = j + 2*t - 6. What is the units digit of j?
1
Suppose -4 = c - 6. Suppose 4*z = -20, -39 = -x - c*z + 15. What is the tens digit of x?
6
Let r = -3 + 8. Suppose 0 = -5*b + w + 81, 4*b + 2*w - 14 = 3*b. Suppose -39 = -z + 3*o - b, r*o = -4*z + 126. What is the units digit of z?
9
Let b(x) = x - 2. Let j be b(7). Suppose 3*w - 157 = -3*q + j*w, -2*w = 4. What is the tens digit of q?
5
Let a(t) = 12*t**2 - 5*t + 6. What is the units digit of a(1)?
3
Let p(o) = o**3 + 7*o**2 - o. Let i be p(-7). Let q = i + -7. Suppose q = -4*g + 64 - 24. What is the tens digit of g?
1
Suppose -11*h = -3556 - 2219. What is the tens digit of h?
2
Let f(t) = t**3 - 10*t**2 + 10*t + 10. Let j = -35 - -45. What is the tens digit of f(j)?
1
Let v = 216 + 192. What is the hundreds digit of v?
4
Suppose 2*n - 745 = 167. What is the tens digit of n?
5
Suppose 3 = -3*f - 3*l, -2*l + 0 = 5*f + 2. Suppose f = -8*v - 77 + 317. What is the units digit of v?
0
Let d = 97 - 91. Let m be (-150)/(-14) + 4/14. Let q = m - d. What is the units digit of q?
5
Let u be 2/(((-3)/132)/((-1)/(-2))). What is the units digit of (-14)/(1 + 52/u)?
7
Suppose 0 = -3*p +